2*n - 248, 3*n - 374 = -w*h. What is the hundreds digit of n?
1
Let x = -97 - -104. Let w(q) = 3*q**2 + q - 28. What is the tens digit of w(x)?
2
Suppose w - 59 = -4*q, 0 = 2*q - w - 25 - 6. Suppose q*p = 2135 + 1690. What is the tens digit of p?
5
Let u(z) be the third derivative of z**4/24 + 2*z**3/3 + 6*z**2. Let n be u(0). Suppose q + 68 = n*o + 5*q, 4*q - 26 = -o. What is the tens digit of o?
1
Suppose 5*p + 17349 = l, 2*p - 5*l + 9164 = 2229. What is the units digit of 1/6 + p/(-60)?
8
Let w(h) = -2*h - 1. Let l be w(2). Let d = l - -5. Suppose d*k + 5 = k. What is the units digit of k?
5
Suppose 693 = -t + 688, -3*p + t + 1247 = 0. What is the hundreds digit of p?
4
Let y be (-2)/1 + (-9)/(-3). Let g be -14 - -22 - 2/y. Suppose -242 = g*t - 602. What is the tens digit of t?
6
Let d = 1012 + -484. What is the units digit of d?
8
Suppose 5*c - 18*y = -19*y + 11592, 9285 = 4*c - 3*y. What is the hundreds digit of c?
3
Suppose 4 = -2*y, -9*x + 8*x - 2*y + 790 = 0. Suppose 8*g - 3098 + x = 0. What is the units digit of g?
8
Suppose -3*q - 2*g + 9 = 0, -5*q + 0*g = 5*g - 10. Suppose -2*v - 4*k + 4 = -v, q*v = -4*k + 20. What is the tens digit of v/6 + 328/12?
2
Let y = 19 + -15. Suppose s + y*r - 32 = 0, -44 = -3*s - 0*s + r. What is the units digit of 31/5 - s/(-20)?
7
Let l(r) = 13*r - 25. Let z(i) = -i + 1. Let q(p) = l(p) + 4*z(p). What is the hundreds digit of q(14)?
1
Let x be (-2)/((-12)/8 + 1). Let z(i) = 3*i**3 - 3*i**2 + i + 2. Let j be z(x). What is the tens digit of 8/10*j/4?
3
What is the tens digit of (1/(-3))/((-20)/1620)?
2
Let x be 1/(-1) + -1 + 39. Suppose 35 = -3*k - 2*q, -2*q = 5*k - 5*q + 33. Let t = k + x. What is the units digit of t?
8
Let a(z) = -397*z + 31. What is the units digit of a(-2)?
5
Let u = 534 - 199. What is the hundreds digit of u?
3
Let i(c) = -c**2 + 20*c - 12. Let s be i(21). What is the tens digit of 1 - (-1074)/22 - 6/s?
5
Suppose 10 = 4*q + 2*b, q - 4*b - 15 = -2*b. Suppose -71*f + 73*f = 4. Suppose -f = -7*r + q. What is the units digit of r?
1
Let q = -179 + 184. Suppose -2*y - 72 = -5*y. Let i = y - q. What is the tens digit of i?
1
Let w = -49 + 48. Let a(t) = -25*t**3 - 3*t**2 + 5*t - 1. Let p(i) = 24*i**3 + 2*i**2 - 4*i + 1. Let d(r) = -4*a(r) - 5*p(r). What is the tens digit of d(w)?
2
Let p be (-1662)/4*8/(-12). Let z = p + 20. What is the hundreds digit of z?
2
Suppose 4*b + 5*k - 2787 = 2*b, 0 = -3*b - 5*k + 4173. What is the tens digit of b?
8
What is the units digit of -15*(-86)/4 + 9/6?
4
Let w(c) = -c**3 - 6*c**2 - 3*c + 14. Let n be w(-5). Suppose -538 = -n*r + x + 10, -5*x = 20. What is the units digit of r?
6
Suppose 40544 = 18*w - 2*w. What is the tens digit of w?
3
Let k be 4/(-7)*21/(-6). Suppose k*l + 4*v - 28 = 0, 5*l - 4*v - 19 = 23. What is the units digit of l?
0
Let o = -2324 - -1348. What is the units digit of 0 + (o/20)/(4/(-10))?
2
What is the tens digit of 22 + -18 + (2045 - -2)?
5
Let a(o) be the second derivative of 73*o**4/12 - o**3/2 - o**2 + 3*o. What is the tens digit of a(-1)?
7
Suppose -15*w + 12*w - 18 = 0. What is the hundreds digit of 2/w - (-3367)/21?
1
Suppose -4*d = -3*s + 50, 0 = -2*d - 3*d - 3*s - 49. Let y = -9 - d. Suppose 0 = -0*w + 3*w - y*g - 100, -5*g = -4*w + 145. What is the tens digit of w?
3
Let q(u) = -u**3 + 7*u**2 + 2*u. Let v be q(7). Let a(b) = 7*b + 11. What is the tens digit of a(v)?
0
What is the tens digit of 21/(-14) - 1594/(-4)*1?
9
Let s(t) = -t**3 - 3*t**2 + 7*t + 9. Let b be s(-5). Let p = -5 + 1. Let q = b + p. What is the units digit of q?
0
Let f(y) = -y**2 - 8*y - 10. Let n be f(-6). Suppose n*o - 4*o = 4*b - 322, 5*o + 235 = 3*b. What is the tens digit of b?
8
Let v be ((-6)/(-6))/(2/94). Suppose -l + 40 + v = 0. Suppose -2*d + 66 = -c - c, -2*d - 5*c = -l. What is the units digit of d?
6
Let v = -277 - -67. Let k = 58 - v. What is the hundreds digit of k?
2
What is the tens digit of (-66586)/(-156) - 2/(-12)?
2
Let s = 10 - 4. Suppose 301 + 11 = s*y. What is the tens digit of y?
5
Let x = 9 - 3. Let r = -69 + 82. Let d = r - x. What is the units digit of d?
7
Suppose 1 = 5*b - 24. Suppose b*y - 5*n - 535 = 0, y = -2*n + 61 + 31. What is the tens digit of y?
0
Let b(j) = -32*j + 68. What is the units digit of b(-4)?
6
Suppose 0 = 16*c - 21*c + 35. What is the tens digit of (c + -37)*(-1)/(-3)*-1?
1
Let w = 15 - -615. What is the hundreds digit of w?
6
Suppose 0 = -2*h + 2 + 2. Let w(s) = 13*s. Let x be w(h). Let r = x + -8. What is the tens digit of r?
1
Let o = -259 - -55. Let w = o - -389. What is the units digit of w?
5
Suppose -k - r = 2*r - 233, -r = 3*k - 675. What is the units digit of k?
4
Let w(i) = -i**2 + 6*i + 20. Let n(d) = -6*d - 19. Let t(r) = -4*n(r) - 3*w(r). What is the units digit of t(-6)?
8
Let t be (-64)/6*-1*3. Let m be 2 + 2 + (0/4 - -102). Let b = m - t. What is the units digit of b?
4
Suppose -3*z - 380 = -4*d, 0*d + 3*z = 2*d - 196. Suppose -3*m + 199 = -d. What is the units digit of m?
7
What is the tens digit of 17/((-34)/(-624)) + -7 - 3?
0
Let n(f) = -155*f + 6 + 15 - 26. What is the hundreds digit of n(-1)?
1
Let n = 1193 - 228. What is the units digit of n?
5
Let b = 77 + -66. Suppose -b = 3*y + 1, a - 121 = -4*y. What is the hundreds digit of a?
1
Let v = 609 - -377. What is the hundreds digit of v?
9
Suppose 42466 + 31694 = 30*d. What is the tens digit of d?
7
Let q(b) = b**3 - 36*b**2 + 30*b - 25. What is the tens digit of q(36)?
5
Suppose 4*k + 518 = z, 5*z + k = z + 2072. What is the tens digit of z?
1
Let l(x) = 25*x**2 - x + 3. What is the hundreds digit of l(2)?
1
Let o = 42 + -88. Let y = -4 - o. What is the units digit of y?
2
Suppose -10*f + 9*f - 25 = 0. What is the units digit of (-6)/(-10) + (-1610)/f?
5
Let q(d) be the first derivative of 2*d**3/3 + 7*d**2/2 - 22. Let h be (-2)/(-1) - (-16)/(-2). What is the units digit of q(h)?
0
Let k = 53 + -51. Suppose -2*m - 132 = -k*n, 7 = n + m - 69. What is the tens digit of n?
7
Suppose 5*x - 2*x - 99 = 0. Let q = x - -16. What is the units digit of q?
9
Let n be ((-4)/(-6))/((-10)/1185). Let h = -17 - n. What is the units digit of h?
2
Suppose -4*z + 771 + 12429 = 0. What is the thousands digit of z?
3
Let s be 29/((-5)/25*-5). Let n = s + -30. What is the units digit of n/7 - 408/(-14)?
9
Let l(r) be the second derivative of 28*r**3/3 - 51*r**2/2 + r + 7. What is the units digit of l(7)?
1
Let u(a) = a**3 + a**2 - 2*a + 2. Let h be u(2). Suppose 2*b = h, -3*b = v + 2*b - 76. What is the tens digit of v?
5
Let a be (-111)/(-1)*(-4)/(-5 - -3). Suppose 6*k - a - 114 = 0. What is the units digit of k?
6
Let k(o) = 8*o**2 + 2*o + 1. Suppose -3*l - 5 = -5*x, 2 = -4*l + 2*x - 0. Let f = l + -2. What is the tens digit of k(f)?
2
Suppose 2*j - j + 4 = -a, 3*j + 22 = -5*a. What is the tens digit of ((21/(-6))/7)/(j/(-106))?
5
What is the hundreds digit of 2/(-25) - (-23304)/50?
4
Let x(l) = -l**3 - 4*l**2 + 5*l - 2. Let k be x(4). Let h = 162 + k. What is the units digit of h?
2
Let p be -2297 + ((-8)/2 - -5). What is the units digit of p/(-10) + 36/90?
0
Let z be 5*(69/15 + -3). Let c(i) = -i**3 + 9*i**2 + 6*i - 12. Let t be c(z). Let n = t - 60. What is the units digit of n?
0
What is the units digit of ((-43)/3)/((-5)/105)?
1
Let y be (5/(-10))/((-9)/12)*-597. Let r = -197 - y. What is the units digit of r?
1
Let u be 2/(-10) - (-4 - (-16)/20). Let b be 1/1*(-3 + 6). Suppose -3*x - j - b*j + 29 = 0, 0 = -5*x + u*j. What is the units digit of x?
3
Let z = -3 + 2973. What is the thousands digit of z?
2
Let b(y) = y**2 + 4*y + 2. Let m be b(-3). Let k be (-1)/(-1 - m/2). Suppose 4*l = g + 97, -2*l + k*g = -2*g - 66. What is the tens digit of l?
2
What is the tens digit of (-149)/((-5)/(-4 - -29))?
4
What is the hundreds digit of 3 - (-11847)/27 - 14/(-63)?
4
Suppose -4*k = -5*s - 3307, 8*k - 3*k + 5*s - 4145 = 0. What is the units digit of k?
8
Suppose -3*q + 13 - 1 = 0. Let m = 41 - 12. Suppose -8*z + 3*z = q*x - m, 5*z + 59 = 4*x. What is the tens digit of x?
1
Let d = -387 + 118. Let a = -169 - d. What is the units digit of a?
0
Let y(c) = 4*c**2 - 6*c - 9. Let r be y(4). Suppose 4*j + 2*d + 1 = 7, -3*j + 2 = 4*d. Suppose o - r = 5*x, j*o - x - 71 = -0*x. What is the tens digit of o?
3
Let z(p) = -10*p - 10. Let x be z(-7). Let v be (-3